*2 + 3*n + 27. Let f(b) = 7*h(b) - 4*m(b). What is f(0)?
-19
Let b(c) = -6*c + 4*c - c**2 - 7 + 5 + 5*c. Suppose 2*w = 3*j - 25, 5*w = -j - 4*j + 25. Suppose -4*i - j + 23 = 0. Determine b(i).
-6
Let i(l) = 12*l - 4. Let x = 2683 + -2682. Calculate i(x).
8
Suppose 2*z + 6 = -0*f + 2*f, -11 = z - 3*f. Let c(w) = z - 3 - 5*w**2 - 4*w + 4*w**2 + 3. Calculate c(-4).
1
Let n(h) be the second derivative of -h**4/12 + 5*h**3/6 + 5*h**2 + 30*h. Let p(r) = r + 4. Let v be p(3). Calculate n(v).
-4
Let d(w) be the third derivative of w**4/24 - 4*w**3/3 + 2*w**2. Let y = -22 - -12. Let l be (-2 + 2)*y/40. Give d(l).
-8
Let i(u) = -u + 1. Let h(b) = -5*b + 6. Let k(v) = h(v) - 6*i(v). Let r(p) = 5*p - 1. Let n(a) = 6*k(a) - r(a). Calculate n(-5).
-4
Let i be (-50)/20*8/(-5) - 1. Let z(t) = -i*t - 8 - t + 3*t + 2*t. Determine z(12).
4
Let h(k) = -k - 2. Let l be h(-14). Let i(z) = z + 2*z - 14 + 6 + l. Determine i(-3).
-5
Let g(b) be the second derivative of b**4/4 + b**3/3 + 3*b**2/2 - 6*b + 5. Calculate g(-2).
11
Let n(a) = 2*a - 19. Let w be n(7). Let t be ((-3)/6)/(w/50). Let v(o) be the first derivative of o**3/3 - 2*o**2 - o + 2. Determine v(t).
4
Let n(p) = 4*p**2 + 0 - 21 + 23 - 3*p - 3*p**2. Let j(u) = -u**2 + 2*u. Let m be j(2). Suppose 2*g - 2*b - 2 = m, g - 1 = -2*g + 4*b. Calculate n(g).
2
Let s(b) be the second derivative of b**3/6 - 5*b**2/2 - 18*b + 2. Let o(q) = q**3 - 7*q**2 + q - 1. Let d be o(7). What is s(d)?
1
Let v(w) = -14*w - 13. Let a(u) = 22*u + 19. Let k(s) = 5*a(s) + 8*v(s). Determine k(-10).
11
Let z(m) = -16. Let h(s) = s - 34. Let x(a) = 4*h(a) - 12*z(a). Determine x(-16).
-8
Let i(q) = 11*q**2 + 8*q + 3 - 21*q**2 + 12*q**2 - 10 + 3. Give i(-5).
6
Let o(p) be the first derivative of -3*p**2/2 + 13*p - 13. Let s be o(6). Let u(b) = -2*b + 2*b + 3 - b**2 + 0*b - 4*b. Calculate u(s).
-2
Let x(o) be the third derivative of o**6/720 - o**5/30 - o**4 - 20*o**2. Let g(d) be the second derivative of x(d). Let f(y) = y + 8. Let b be f(-6). Give g(b).
-2
Let t be 7 - -2*(18/12 - 1). Let u(b) = -5*b**3 + 7 + 9*b**2 + 0 + 0 + 4*b**3 - 7*b. Give u(t).
15
Let f(i) = -7*i + 1. Let p(s) = 108*s - 16. Let n(o) = 48*f(o) + 3*p(o). Calculate n(-1).
12
Let x(y) = -y**3 + 3*y**2 + 8*y - 7. Suppose 9*a - 64 + 19 = 0. What is x(a)?
-17
Let y(j) = 3*j + 5. Let d = -92 - 23. Let c = d - -113. Calculate y(c).
-1
Let q(d) = 3*d + 1. Let u be (-5 - (-1 - 21/7)) + 1. What is q(u)?
1
Let a(g) be the first derivative of g**2/2 - 5*g - 1. Suppose -5*s + w + 4 = 0, -2*s + w = s - 2. Suppose j - 12 = -4*h, 2*j + 2*h = s + 5. Give a(j).
-5
Let r(n) be the second derivative of 0 - 5*n + 1/20*n**5 + 1/3*n**3 + 0*n**2 - 1/6*n**4. Give r(2).
4
Let t(i) = -i**2 - 5*i**2 - 5 + 5*i**2 + 16. Let l be 2*(-1 - 0)/1. Let k = l + 2. Calculate t(k).
11
Let n(s) = -6 + 4*s - 6*s + 3*s + 1. Let z be (1 + (-24)/9)*-3. Give n(z).
0
Let j = -240 - -247. Let i(b) be the first derivative of j + 1/3*b**3 - b + b**2. Give i(-3).
2
Let l(d) = -3*d - 163 + 47 - 7*d**2 + 65 + 58 - d**3. Let o = -1 - 5. Calculate l(o).
-11
Let j = 59 + -61. Let i(n) = 32*n - 1 + n**3 - 30*n - n**2 + n**3 + 4*n**2. Determine i(j).
-9
Let v(a) be the first derivative of -a**4/4 - a**3/3 + 2*a**2 + a - 75. What is v(2)?
-3
Let x(w) = -w**3 - w**2 - 2*w - 1. Let o = -6 - -8. Suppose o*u - 5*d = 7*u + 30, 5*d + 29 = -4*u. Calculate x(u).
1
Let w(z) = -3*z - 31. Let o be 7 - (72/(-8) - -23). What is w(o)?
-10
Let j = 575 + -569. Let c(p) = p**3 - 5*p**2 - 4*p - 12. What is c(j)?
0
Suppose 5*j - n - 18 = 6, 4*j + n - 12 = 0. Let g(z) = -z + 7. Let t be g(5). Let c(x) = -x**2 + 3 + 2*x**t + 0*x**2 - 3*x - 1. Give c(j).
6
Let l(x) be the first derivative of 5/3*x**3 + 2*x**2 + 2*x + 1/4*x**4 + 1. Let y(q) = 2*q + 5. Let m be y(-4). What is l(m)?
8
Suppose -2*t + 5*t - 6 = 0. Suppose 4*w - 5*c = t, -5*w = 3*c - 0*c + 16. Let y be (2 - w)*-1 - -1. Let g(s) = s**3 + s**2 - 4*s - 4. Give g(y).
-10
Let b(s) be the first derivative of -s**3/3 - 3*s**2 + 2*s + 1. Let x(p) = -p**2 - 51*p + 156. Let d be x(3). Calculate b(d).
2
Let z(b) = 27*b**2 + 2*b + 1. Let m be z(1). Let g = m - 27. Let f(u) = 2*u - 2*u - u**3 + u - 4 + 3*u**2. Determine f(g).
-1
Let m(d) = -7*d + 3*d**3 - 4*d**3 + 7*d**2 + 0*d**3 + 7. Let v = 103 + -97. Give m(v).
1
Let l(p) = p**2 + 20*p - 18. Let r(j) = -j**2 - 18*j + 17. Let i(o) = -4*l(o) - 5*r(o). Determine i(-11).
-2
Suppose 0 = 3*g - 0*g + 6. Let b(f) = 2*f - 5 - 3*f + 2*f + 8. Give b(g).
1
Let t(m) be the first derivative of 7*m**2/2 + 2*m - 14. Determine t(4).
30
Let m(x) = 10*x**3 - 21*x**2 + 49*x + 21. Let z(c) = -7*c**3 + 14*c**2 - 33*c - 15. Let p(n) = 5*m(n) + 7*z(n). Determine p(3).
6
Let i(u) = u**2 + u - 3. Let m be i(0). Let q = -1 - m. Suppose q*l + 4 - 10 = 0. Let c(a) = a + 1. Determine c(l).
4
Let h be (3*1)/((-12)/16). Let s(t) = -t - 7. Let i(w) = -2*w - 3. Let v be i(0). Let z(m) = m + 6. Let d(p) = v*s(p) - 4*z(p). Calculate d(h).
1
Let z(v) = v**2 + v. Let j(w) = w**2 + w + 2. Let d be 3/2*(-8)/12. Let x(u) = d*j(u) + 2*z(u). Determine x(-2).
0
Let w(r) be the second derivative of r**4/12 + 4*r**3/3 + 4*r**2 - 290*r. Give w(-10).
28
Suppose 2*m + 5*q + 9 = -19, -3*m = -3*q. Let p(r) = -r**2 - 8*r - 10. Calculate p(m).
6
Let b(g) = 36*g + 5. Let k(v) = 56*v + 7. Let r(h) = -8*b(h) + 5*k(h). Calculate r(-4).
27
Let u(m) = -54*m - 535. Let g be u(-10). Let a(r) = -r**2 - 2*r. What is a(g)?
-35
Suppose -9*n + 3*n + 6 = 0. Let h(c) = -3*c - 1. Let v be h(n). Let w(s) = s**3 + 4*s**2 - 5*s + 2. Determine w(v).
22
Let m = 10 - 7. Let j(b) be the second derivative of -b**3/2 + b**2/2 - 39*b. Calculate j(m).
-8
Let n(c) = 4*c + 2. Let i(x) = 3*x - 71. Let a be i(24). What is n(a)?
6
Let m be (-1)/((-27)/(-6) + -4). Let q be (-6)/15 + m/(-5). Let w(o) = -6*o**2 + 8*o**2 - o**3 + q*o**2 + 2. Determine w(2).
2
Let v(o) be the second derivative of -7/6*o**3 + 0 - 1/20*o**5 + 2/3*o**4 + o**2 - 5*o. What is v(7)?
2
Let w(g) = g - 3. Let t be w(6). Let m(v) = -3*v**2 + 1 + t*v + 0*v - 2*v. Calculate m(2).
-9
Let p(v) = -3*v + 11. Suppose 5*l + 5*s - 60 = 0, 17*l - 20*l + 5*s + 44 = 0. Calculate p(l).
-28
Let j(q) = -110 + 56 - q**2 + 55 + 0*q**2 + 4*q. Give j(3).
4
Let t(x) be the first derivative of -x**4/12 - 5*x**3/6 + 4*x**2 - x - 3. Let d(r) be the first derivative of t(r). Suppose -18 - 12 = 5*a. Calculate d(a).
2
Let v(q) = 10*q**3 - 23*q**2 + 17*q - 24. Let t(w) = 3*w**3 - 8*w**2 + 6*w - 8. Let h(g) = 7*t(g) - 2*v(g). Calculate h(9).
-17
Let h be 17 + -13 - (-8 - 1). Suppose 3*v + h - 4 = 0. Let y(w) = w**2 + 5*w + 7. Let c be y(v). Let k(u) = -11*u - 1. Determine k(c).
-12
Let p(m) be the third derivative of -1/12*m**4 + 0*m + 1/6*m**3 - 1/60*m**5 + 13*m**2 + 0. What is p(-4)?
-7
Let i(f) = -10*f + 8. Let s(x) = 11*x - 11. Let j(r) = 4*i(r) + 3*s(r). Suppose 3*q + 0*q + a - 8 = 0, -3*q + 3*a = 12. What is j(q)?
-8
Let a(p) = 3*p - 3. Suppose -8*d = -17*d - 117. Let f = d - -16. Determine a(f).
6
Let g(u) = -10*u + 1. Let l(d) = 31*d - 3. Let h(y) = 8*g(y) + 3*l(y). Let w(z) = -7*z. Let c(n) = -3*h(n) - 5*w(n). What is c(2)?
-5
Let s(b) = -2*b + 3. Let h be s(4). Let k(u) = 210*u + 8. Let t(m) = -47*m - 2. Let i(y) = -2*k(y) - 9*t(y). Give i(h).
-13
Let u(k) = -5*k + 10. Suppose 0*l + 5*y + 35 = 5*l, -3*y - 15 = -l. Let w be u(l). Let d(r) = r**2 + 3 - 3 + 4*r - 2. Determine d(w).
3
Let d(c) = 5*c - 25. Let o(y) = -y**2 - 49*y + 162. Let w be o(-52). Give d(w).
5
Let q(f) = -f**2 - 5*f + 6. Suppose -7*m + 3*m - 20 = o, 5 = 3*o - m. Suppose o*s = 5*s - 25. Suppose -3*w - 18 = 3*l + w, -2*l - s*w - 12 = 0. Give q(l).
0
Let b(z) = z**2 + 2 - 43*z + 14*z + 25*z. Determine b(3).
-1
Let q = -36 - -31. Let k(u) = -u**3 - 6*u**2 - 7*u - 9. Calculate k(q).
1
Suppose -d - d - 4*j = -2, -5*d + j + 16 = 0. Let g be ((0 - 2) + d)*-1. Let t(c) = 4*c**2 - c - 1. Determine t(g).
4
Let w(l) = 2*l**2 + 4*l - 1. Let x(y) = -3*y**3 - 3*y**2 - y + 4. Let z be x(-2). Let i = z - 13. Let o be (-6)/(-1 + (i - 2)). Give w(o).
5
Let j(k) = k**2 - 4. Suppose 69 - 17 = 2*n. Let w = n - 11. Suppose -4*z = -3*m + z - 25, -3*m + 3*z = w. Calculate j(m).
-4
Let t(p) be the third derivative of p**6/120 - p**5/30 - 13*p**4/24 - p**3/6 + 2*p**2 - 16. Determine t(5).
9
Let d(f) = 11*f + 779. Let s be d(-71). 